{"id":293,"date":"2022-09-28T08:54:17","date_gmt":"2022-09-28T08:54:17","guid":{"rendered":"https:\/\/slapps.fr\/sophany\/?page_id=293"},"modified":"2023-12-01T00:49:35","modified_gmt":"2023-12-01T00:49:35","slug":"literature","status":"publish","type":"page","link":"https:\/\/slapps.fr\/sophany\/literature\/","title":{"rendered":"Literature"},"content":{"rendered":"\n<figure class=\"wp-block-image aligncenter size-full is-resized\"><img decoding=\"async\" width=\"768\" height=\"1024\" src=\"https:\/\/slapps.fr\/sophany\/wp-content\/uploads\/2023\/12\/Image-Literature.jpg\" alt=\"\" class=\"wp-image-1760\" style=\"width:508px;height:auto\" srcset=\"https:\/\/slapps.fr\/sophany\/wp-content\/uploads\/2023\/12\/Image-Literature.jpg 768w, https:\/\/slapps.fr\/sophany\/wp-content\/uploads\/2023\/12\/Image-Literature-600x800.jpg 600w, https:\/\/slapps.fr\/sophany\/wp-content\/uploads\/2023\/12\/Image-Literature-225x300.jpg 225w, https:\/\/slapps.fr\/sophany\/wp-content\/uploads\/2023\/12\/Image-Literature-9x12.jpg 9w\" sizes=\"(max-width: 768px) 100vw, 768px\" \/><\/figure>\n\n\n\n<p class=\"has-text-align-center\"><strong>\u00a9 2023-12-01 Sophany LUONG <\/strong><\/p>\n\n\n\n<p><\/p>\n\n\n\n<p class=\"has-text-align-center\">J<strong>e commence \u00e0 aimer lire des romans et des documents gr\u00e2ce \u00e0 Steven, qui m&rsquo;a donn\u00e9 des id\u00e9es. J&rsquo;ai d\u00e9cid\u00e9 de prendre mon temps d\u00e8s que j&rsquo;ai du temps libre ou le soir avant de me coucher.<\/strong><\/p>\n\n\n\n<p class=\"has-text-align-center\"><strong>Apr\u00e8s 40 ans de travail, je ne lisais jamais. Maintenant, je profite de ma vie pour lire des ouvrages sur des acteurs connus que j&rsquo;aime bien, en me rapportant notamment \u00e0 leurs vies priv\u00e9es.<\/strong><\/p>\n\n\n\n<p><\/p>\n\n\n\n<p><\/p>\n\n\n\n<p><\/p>\n","protected":false},"excerpt":{"rendered":"<p>\u00a9 2023-12-01 Sophany LUONG Je commence \u00e0 aimer lire des romans et des documents gr\u00e2ce \u00e0 Steven, qui<\/p>\n","protected":false},"author":1,"featured_media":0,"parent":0,"menu_order":0,"comment_status":"open","ping_status":"closed","template":"","meta":{"footnotes":""},"class_list":["post-293","page","type-page","status-publish","hentry"],"jetpack_sharing_enabled":true,"_links":{"self":[{"href":"https:\/\/slapps.fr\/sophany\/wp-json\/wp\/v2\/pages\/293","targetHints":{"allow":["GET"]}}],"collection":[{"href":"https:\/\/slapps.fr\/sophany\/wp-json\/wp\/v2\/pages"}],"about":[{"href":"https:\/\/slapps.fr\/sophany\/wp-json\/wp\/v2\/types\/page"}],"author":[{"embeddable":true,"href":"https:\/\/slapps.fr\/sophany\/wp-json\/wp\/v2\/users\/1"}],"replies":[{"embeddable":true,"href":"https:\/\/slapps.fr\/sophany\/wp-json\/wp\/v2\/comments?post=293"}],"version-history":[{"count":37,"href":"https:\/\/slapps.fr\/sophany\/wp-json\/wp\/v2\/pages\/293\/revisions"}],"predecessor-version":[{"id":1761,"href":"https:\/\/slapps.fr\/sophany\/wp-json\/wp\/v2\/pages\/293\/revisions\/1761"}],"wp:attachment":[{"href":"https:\/\/slapps.fr\/sophany\/wp-json\/wp\/v2\/media?parent=293"}],"curies":[{"name":"wp","href":"https:\/\/api.w.org\/{rel}","templated":true}]}}