{"id":74,"date":"2025-09-30T21:38:59","date_gmt":"2025-09-30T19:38:59","guid":{"rendered":"https:\/\/slapps.fr\/sophany-aquarelle\/?page_id=74"},"modified":"2025-10-02T20:13:57","modified_gmt":"2025-10-02T18:13:57","slug":"qi-gong","status":"publish","type":"page","link":"https:\/\/slapps.fr\/sophany-aquarelle\/qi-gong\/","title":{"rendered":"Vendre-01"},"content":{"rendered":"\n<p class=\"has-text-align-center\">En raison de la fragilit\u00e9 du miroir, l&rsquo;envoi par la poste n&rsquo;est pas possible. Seule une livraison en main propre sur Paris peut \u00eatre envisag\u00e9e.<\/p>\n","protected":false},"excerpt":{"rendered":"<p>En raison de la fragilit\u00e9 du miroir, l&rsquo;envoi par la poste n&rsquo;est pas possible. Seule une livraison en main propre sur Paris peut \u00eatre envisag\u00e9e.<\/p>\n","protected":false},"author":1,"featured_media":0,"parent":0,"menu_order":0,"comment_status":"open","ping_status":"closed","template":"","meta":{"footnotes":""},"class_list":["post-74","page","type-page","status-publish","hentry"],"_links":{"self":[{"href":"https:\/\/slapps.fr\/sophany-aquarelle\/wp-json\/wp\/v2\/pages\/74","targetHints":{"allow":["GET"]}}],"collection":[{"href":"https:\/\/slapps.fr\/sophany-aquarelle\/wp-json\/wp\/v2\/pages"}],"about":[{"href":"https:\/\/slapps.fr\/sophany-aquarelle\/wp-json\/wp\/v2\/types\/page"}],"author":[{"embeddable":true,"href":"https:\/\/slapps.fr\/sophany-aquarelle\/wp-json\/wp\/v2\/users\/1"}],"replies":[{"embeddable":true,"href":"https:\/\/slapps.fr\/sophany-aquarelle\/wp-json\/wp\/v2\/comments?post=74"}],"version-history":[{"count":6,"href":"https:\/\/slapps.fr\/sophany-aquarelle\/wp-json\/wp\/v2\/pages\/74\/revisions"}],"predecessor-version":[{"id":215,"href":"https:\/\/slapps.fr\/sophany-aquarelle\/wp-json\/wp\/v2\/pages\/74\/revisions\/215"}],"wp:attachment":[{"href":"https:\/\/slapps.fr\/sophany-aquarelle\/wp-json\/wp\/v2\/media?parent=74"}],"curies":[{"name":"wp","href":"https:\/\/api.w.org\/{rel}","templated":true}]}}