{"id":594,"date":"2025-10-25T00:37:34","date_gmt":"2025-10-24T22:37:34","guid":{"rendered":"https:\/\/slapps.fr\/sophany-aquarelle\/?page_id=594"},"modified":"2025-10-25T00:46:31","modified_gmt":"2025-10-24T22:46:31","slug":"yogodo-asakusa-japon-2023","status":"publish","type":"page","link":"https:\/\/slapps.fr\/sophany-aquarelle\/yogodo-asakusa-japon-2023\/","title":{"rendered":"Yogodo \u2013 Asakusa, Japon 2023"},"content":{"rendered":"<div class=\"wp-block-image\">\n<figure class=\"aligncenter size-full\"><img loading=\"lazy\" decoding=\"async\" width=\"494\" height=\"671\" src=\"https:\/\/slapps.fr\/sophany-aquarelle\/wp-content\/uploads\/2025\/10\/Dessin-032-Asakusa-1.png\" alt=\"\" class=\"wp-image-595\" srcset=\"https:\/\/slapps.fr\/sophany-aquarelle\/wp-content\/uploads\/2025\/10\/Dessin-032-Asakusa-1.png 494w, https:\/\/slapps.fr\/sophany-aquarelle\/wp-content\/uploads\/2025\/10\/Dessin-032-Asakusa-1-221x300.png 221w\" sizes=\"auto, (max-width: 494px) 100vw, 494px\" \/><\/figure>\n<\/div>\n\n\n<p class=\"has-text-align-center\">#032<\/p>\n\n\n\n<p class=\"has-text-align-center\"><strong><a href=\"https:\/\/slapps.fr\/sophany-aquarelle\/tableau-032\/\">A VENDRE<\/a><\/strong><\/p>\n\n\n\n<p>Nous \u00e9tions \u00e0 Asakusa plusieurs fois lors de notre voyage au Japon. J\u2019adore ce pays moderne, propre et d\u2019une grande discipline. Ce lieu, vibrant de vie, \u00e9tait toujours anim\u00e9 : des foules nombreuses, des stands de gastronomie locale, et des femmes et hommes v\u00eatus de magnifiques habits traditionnels.<\/p>\n\n\n\n<p>Ce jour-l\u00e0, j\u2019ai ressenti un l\u00e9ger tremblement de terre, une secousse d\u2019\u00e0 peine dix secondes \u2014 une exp\u00e9rience aussi br\u00e8ve qu\u2019inoubliable.<\/p>\n\n\n\n<p>Je dois avouer que je n\u2019aime pas trop leur nourriture : tout est soigneusement prot\u00e9g\u00e9 par des emballages en plastique, et la viande a un go\u00fbt un peu diff\u00e9rent de ce \u00e0 quoi je suis habitu\u00e9. Nous aimions toutefois nous promener dans les petites ruelles, observer les comportements, la politesse, le respect omnipr\u00e9sent. M\u00eame dans les trains et les TGV, les contr\u00f4leurs saluaient toujours avec une r\u00e9v\u00e9rence lorsqu\u2019on croisait leur regard.<\/p>\n\n\n\n<p>Mon dessin \u00e0 l\u2019aquarelle, sign\u00e9 <strong>Yogodo<\/strong>, repr\u00e9sente <strong>Asakusa<\/strong>, avec sa c\u00e9l\u00e8bre porte rouge, ses ruelles anim\u00e9es et sa pagode qui s\u2019\u00e9l\u00e8ve fi\u00e8rement vers le ciel. Ce lieu m\u2019a profond\u00e9ment marqu\u00e9 \u2014 un symbole parfait de l\u2019harmonie entre tradition et modernit\u00e9 au Japon.<\/p>\n\n\n\n<p class=\"has-text-align-center\">\u00a9 Sophany-CGT 24102025<\/p>\n\n\n\n<p><\/p>\n","protected":false},"excerpt":{"rendered":"<p>#032 A VENDRE Nous \u00e9tions \u00e0 Asakusa plusieurs fois lors de notre voyage au Japon. J\u2019adore ce pays moderne, propre et d\u2019une grande discipline. Ce lieu, vibrant de vie, \u00e9tait toujours anim\u00e9 : des foules nombreuses, des stands de gastronomie locale, et des femmes et hommes v\u00eatus de magnifiques habits traditionnels. Ce jour-l\u00e0, j\u2019ai ressenti &hellip; <a href=\"https:\/\/slapps.fr\/sophany-aquarelle\/yogodo-asakusa-japon-2023\/\" class=\"more-link\">Continuer la lecture de <span class=\"screen-reader-text\">Yogodo \u2013 Asakusa, Japon 2023<\/span>  <span class=\"meta-nav\">&rarr;<\/span><\/a><\/p>\n","protected":false},"author":1,"featured_media":0,"parent":0,"menu_order":0,"comment_status":"open","ping_status":"closed","template":"","meta":{"footnotes":""},"class_list":["post-594","page","type-page","status-publish","hentry"],"_links":{"self":[{"href":"https:\/\/slapps.fr\/sophany-aquarelle\/wp-json\/wp\/v2\/pages\/594","targetHints":{"allow":["GET"]}}],"collection":[{"href":"https:\/\/slapps.fr\/sophany-aquarelle\/wp-json\/wp\/v2\/pages"}],"about":[{"href":"https:\/\/slapps.fr\/sophany-aquarelle\/wp-json\/wp\/v2\/types\/page"}],"author":[{"embeddable":true,"href":"https:\/\/slapps.fr\/sophany-aquarelle\/wp-json\/wp\/v2\/users\/1"}],"replies":[{"embeddable":true,"href":"https:\/\/slapps.fr\/sophany-aquarelle\/wp-json\/wp\/v2\/comments?post=594"}],"version-history":[{"count":2,"href":"https:\/\/slapps.fr\/sophany-aquarelle\/wp-json\/wp\/v2\/pages\/594\/revisions"}],"predecessor-version":[{"id":602,"href":"https:\/\/slapps.fr\/sophany-aquarelle\/wp-json\/wp\/v2\/pages\/594\/revisions\/602"}],"wp:attachment":[{"href":"https:\/\/slapps.fr\/sophany-aquarelle\/wp-json\/wp\/v2\/media?parent=594"}],"curies":[{"name":"wp","href":"https:\/\/api.w.org\/{rel}","templated":true}]}}