{"id":474,"date":"2025-10-14T18:49:14","date_gmt":"2025-10-14T16:49:14","guid":{"rendered":"https:\/\/slapps.fr\/sophany-aquarelle\/?page_id=474"},"modified":"2025-10-20T18:20:01","modified_gmt":"2025-10-20T16:20:01","slug":"le-dalai-lama","status":"publish","type":"page","link":"https:\/\/slapps.fr\/sophany-aquarelle\/le-dalai-lama\/","title":{"rendered":"Le Dala\u00ef Lama"},"content":{"rendered":"<div class=\"wp-block-image\">\n<figure class=\"aligncenter size-full\"><img loading=\"lazy\" decoding=\"async\" width=\"507\" height=\"654\" src=\"https:\/\/slapps.fr\/sophany-aquarelle\/wp-content\/uploads\/2025\/10\/Dessin-026-Dalai-Lama-1JPG.png\" alt=\"\" class=\"wp-image-475\" srcset=\"https:\/\/slapps.fr\/sophany-aquarelle\/wp-content\/uploads\/2025\/10\/Dessin-026-Dalai-Lama-1JPG.png 507w, https:\/\/slapps.fr\/sophany-aquarelle\/wp-content\/uploads\/2025\/10\/Dessin-026-Dalai-Lama-1JPG-233x300.png 233w\" sizes=\"auto, (max-width: 507px) 100vw, 507px\" \/><\/figure>\n<\/div>\n\n\n<p class=\"has-text-align-center\">##026<\/p>\n\n\n\n<p class=\"has-text-align-center\"><strong><a href=\"https:\/\/slapps.fr\/sophany-aquarelle\/tableau-026\/\">A VENDRE<\/a><\/strong><\/p>\n\n\n\n<p class=\"has-text-align-center\">Voici ma peinture \u00e0 l\u2019aquarelle du <strong>Dala\u00ef Lama<\/strong>. J\u2019appr\u00e9cie profond\u00e9ment <strong>son histoire et son combat pacifique contre l\u2019oppression chinoise au Tibet<\/strong>. Son message de <strong>tol\u00e9rance, de paix et de non-violence<\/strong> m\u2019inspire beaucoup, et j\u2019ai voulu lui rendre hommage \u00e0 travers cette \u0153uvre.<\/p>\n\n\n\n<p class=\"has-text-align-center\">Le <strong>Dala\u00ef Lama<\/strong> est le chef spirituel du bouddhisme tib\u00e9tain. Le 14e Dala\u00ef Lama, <strong>Tenzin Gyatso<\/strong>, est n\u00e9 en 1935. Il a \u00e9t\u00e9 intronis\u00e9 tr\u00e8s jeune, mais en 1959, apr\u00e8s la r\u00e9pression brutale du soul\u00e8vement tib\u00e9tain par la Chine, il est contraint de <strong>fuir en exil en Inde<\/strong>, o\u00f9 il vit encore aujourd\u2019hui.<\/p>\n\n\n\n<p class=\"has-text-align-center\">Depuis, il lutte <strong>pacifiquement<\/strong> pour les droits du peuple tib\u00e9tain, d\u00e9non\u00e7ant l\u2019oppression du r\u00e9gime chinois et plaidant pour <strong>l\u2019autonomie culturelle et spirituelle du Tibet<\/strong>. Il incarne une <strong>r\u00e9sistance non violente<\/strong>, fond\u00e9e sur le <strong>dialogue, la compassion et la paix<\/strong>.<\/p>\n\n\n\n<p class=\"has-text-align-center\">En 1989, il a re\u00e7u le <strong>Prix Nobel de la paix<\/strong> pour son engagement non violent face \u00e0 la r\u00e9pression.<\/p>\n\n\n\n<p class=\"has-text-align-center\">J\u2019ai choisi de peindre le Dala\u00ef Lama parce que <strong>son histoire m\u2019inspire profond\u00e9ment<\/strong>. Malgr\u00e9 l\u2019exil, la r\u00e9pression et les souffrances de son peuple, il est rest\u00e9 fid\u00e8le \u00e0 ses <strong>valeurs de paix et de tol\u00e9rance<\/strong>. \u00c0 travers cette \u0153uvre, j\u2019ai voulu lui rendre hommage, et exprimer mon respect pour son combat et son humanit\u00e9.<\/p>\n\n\n\n<p class=\"has-text-align-center\">#Sophany-CGT 14102025<\/p>\n","protected":false},"excerpt":{"rendered":"<p>##026 A VENDRE Voici ma peinture \u00e0 l\u2019aquarelle du Dala\u00ef Lama. J\u2019appr\u00e9cie profond\u00e9ment son histoire et son combat pacifique contre l\u2019oppression chinoise au Tibet. Son message de tol\u00e9rance, de paix et de non-violence m\u2019inspire beaucoup, et j\u2019ai voulu lui rendre hommage \u00e0 travers cette \u0153uvre. Le Dala\u00ef Lama est le chef spirituel du bouddhisme tib\u00e9tain. &hellip; <a href=\"https:\/\/slapps.fr\/sophany-aquarelle\/le-dalai-lama\/\" class=\"more-link\">Continuer la lecture de <span class=\"screen-reader-text\">Le Dala\u00ef Lama<\/span>  <span class=\"meta-nav\">&rarr;<\/span><\/a><\/p>\n","protected":false},"author":1,"featured_media":0,"parent":0,"menu_order":0,"comment_status":"closed","ping_status":"closed","template":"","meta":{"footnotes":""},"class_list":["post-474","page","type-page","status-publish","hentry"],"_links":{"self":[{"href":"https:\/\/slapps.fr\/sophany-aquarelle\/wp-json\/wp\/v2\/pages\/474","targetHints":{"allow":["GET"]}}],"collection":[{"href":"https:\/\/slapps.fr\/sophany-aquarelle\/wp-json\/wp\/v2\/pages"}],"about":[{"href":"https:\/\/slapps.fr\/sophany-aquarelle\/wp-json\/wp\/v2\/types\/page"}],"author":[{"embeddable":true,"href":"https:\/\/slapps.fr\/sophany-aquarelle\/wp-json\/wp\/v2\/users\/1"}],"replies":[{"embeddable":true,"href":"https:\/\/slapps.fr\/sophany-aquarelle\/wp-json\/wp\/v2\/comments?post=474"}],"version-history":[{"count":3,"href":"https:\/\/slapps.fr\/sophany-aquarelle\/wp-json\/wp\/v2\/pages\/474\/revisions"}],"predecessor-version":[{"id":534,"href":"https:\/\/slapps.fr\/sophany-aquarelle\/wp-json\/wp\/v2\/pages\/474\/revisions\/534"}],"wp:attachment":[{"href":"https:\/\/slapps.fr\/sophany-aquarelle\/wp-json\/wp\/v2\/media?parent=474"}],"curies":[{"name":"wp","href":"https:\/\/api.w.org\/{rel}","templated":true}]}}